[INFO] cloning repository https://github.com/JohnMurray/recog-api
[INFO] running `Command { std: "git" "-c" "credential.helper=" "-c" "credential.helper=/workspace/cargo-home/bin/git-credential-null" "clone" "--bare" "https://github.com/JohnMurray/recog-api" "/workspace/cache/git-repos/https%3A%2F%2Fgithub.com%2FJohnMurray%2Frecog-api", kill_on_drop: false }`
[INFO] [stderr] Cloning into bare repository '/workspace/cache/git-repos/https%3A%2F%2Fgithub.com%2FJohnMurray%2Frecog-api'...
[INFO] running `Command { std: "git" "rev-parse" "HEAD", kill_on_drop: false }`
[INFO] [stdout] 40c7402e5b1370f902b10555608c6c4c92660f2b
[INFO] checking JohnMurray/recog-api against try#72f88fc4e9458f89516a0b8b0868f3718aec5b47 for pr-74989
[INFO] running `Command { std: "git" "clone" "/workspace/cache/git-repos/https%3A%2F%2Fgithub.com%2FJohnMurray%2Frecog-api" "/workspace/builds/worker-2/source", kill_on_drop: false }`
[INFO] [stderr] Cloning into '/workspace/builds/worker-2/source'...
[INFO] [stderr] done.
[INFO] validating manifest of git repo https://github.com/JohnMurray/recog-api on toolchain 72f88fc4e9458f89516a0b8b0868f3718aec5b47
[INFO] running `Command { std: "/workspace/cargo-home/bin/cargo" "+72f88fc4e9458f89516a0b8b0868f3718aec5b47" "read-manifest" "--manifest-path" "Cargo.toml", kill_on_drop: false }`
[INFO] started tweaking git repo https://github.com/JohnMurray/recog-api
[INFO] finished tweaking git repo https://github.com/JohnMurray/recog-api
[INFO] tweaked toml for git repo https://github.com/JohnMurray/recog-api written to /workspace/builds/worker-2/source/Cargo.toml
[INFO] crate git repo https://github.com/JohnMurray/recog-api already has a lockfile, it will not be regenerated
[INFO] running `Command { std: "/workspace/cargo-home/bin/cargo" "+72f88fc4e9458f89516a0b8b0868f3718aec5b47" "fetch" "--locked" "--manifest-path" "Cargo.toml", kill_on_drop: false }`
[INFO] [stderr]     Updating git repository `https://github.com/iron/logger.git`
[INFO] [stderr] error: the lock file /workspace/builds/worker-2/source/Cargo.lock needs to be updated but --locked was passed to prevent this
[INFO] [stderr] If you want to try to generate the lock file without accessing the network, use the --offline flag.
[INFO] the lockfile is outdated, regenerating it
[INFO] running `Command { std: "/workspace/cargo-home/bin/cargo" "+72f88fc4e9458f89516a0b8b0868f3718aec5b47" "generate-lockfile" "--manifest-path" "Cargo.toml" "-Zno-index-update", kill_on_drop: false }`
[INFO] [stderr]     Updating git repository `https://github.com/iron/logger.git`
[INFO] running `Command { std: "/workspace/cargo-home/bin/cargo" "+72f88fc4e9458f89516a0b8b0868f3718aec5b47" "fetch" "--locked" "--manifest-path" "Cargo.toml", kill_on_drop: false }`
[INFO] [stderr]  Downloading crates ...
[INFO] [stderr]   Downloaded io-enum v0.2.3
[INFO] [stderr]   Downloaded lru v0.6.0
[INFO] [stderr]   Downloaded derive_utils v0.10.0
[INFO] [stderr]   Downloaded rust_decimal v1.7.0
[INFO] [stderr]   Downloaded mysql_common v0.22.2
[INFO] [stderr]   Downloaded mysql v19.0.1
[INFO] running `Command { std: "docker" "create" "-v" "/var/lib/crater-agent-workspace/builds/worker-2/target:/opt/rustwide/target:rw,Z" "-v" "/var/lib/crater-agent-workspace/builds/worker-2/source:/opt/rustwide/workdir:ro,Z" "-v" "/var/lib/crater-agent-workspace/cargo-home:/opt/rustwide/cargo-home:ro,Z" "-v" "/var/lib/crater-agent-workspace/rustup-home:/opt/rustwide/rustup-home:ro,Z" "-e" "SOURCE_DIR=/opt/rustwide/workdir" "-e" "CARGO_TARGET_DIR=/opt/rustwide/target" "-e" "CARGO_HOME=/opt/rustwide/cargo-home" "-e" "RUSTUP_HOME=/opt/rustwide/rustup-home" "-w" "/opt/rustwide/workdir" "-m" "1610612736" "--user" "0:0" "--network" "none" "rustops/crates-build-env@sha256:d92eaeed33fa75130ca1ee6c8a01d1ffb62bac859dfdfb3450e3e5d1c0146529" "/opt/rustwide/cargo-home/bin/cargo" "+72f88fc4e9458f89516a0b8b0868f3718aec5b47" "metadata" "--no-deps" "--format-version=1", kill_on_drop: false }`
[INFO] [stdout] 58f3d1cb9e5f6ac8c2ea46cba5fa10de155c334d1cca8de627c52915df4532cf
[INFO] [stderr] WARNING: Your kernel does not support swap limit capabilities or the cgroup is not mounted. Memory limited without swap.
[INFO] running `Command { std: "docker" "start" "-a" "58f3d1cb9e5f6ac8c2ea46cba5fa10de155c334d1cca8de627c52915df4532cf", kill_on_drop: false }`
[INFO] running `Command { std: "docker" "inspect" "58f3d1cb9e5f6ac8c2ea46cba5fa10de155c334d1cca8de627c52915df4532cf", kill_on_drop: false }`
[INFO] running `Command { std: "docker" "rm" "-f" "58f3d1cb9e5f6ac8c2ea46cba5fa10de155c334d1cca8de627c52915df4532cf", kill_on_drop: false }`
[INFO] [stdout] 58f3d1cb9e5f6ac8c2ea46cba5fa10de155c334d1cca8de627c52915df4532cf
[INFO] running `Command { std: "docker" "create" "-v" "/var/lib/crater-agent-workspace/builds/worker-2/target:/opt/rustwide/target:rw,Z" "-v" "/var/lib/crater-agent-workspace/builds/worker-2/source:/opt/rustwide/workdir:ro,Z" "-v" "/var/lib/crater-agent-workspace/cargo-home:/opt/rustwide/cargo-home:ro,Z" "-v" "/var/lib/crater-agent-workspace/rustup-home:/opt/rustwide/rustup-home:ro,Z" "-e" "SOURCE_DIR=/opt/rustwide/workdir" "-e" "CARGO_TARGET_DIR=/opt/rustwide/target" "-e" "CARGO_INCREMENTAL=0" "-e" "RUST_BACKTRACE=full" "-e" "RUSTFLAGS=--cap-lints=forbid" "-e" "CARGO_HOME=/opt/rustwide/cargo-home" "-e" "RUSTUP_HOME=/opt/rustwide/rustup-home" "-w" "/opt/rustwide/workdir" "-m" "1610612736" "--user" "0:0" "--network" "none" "rustops/crates-build-env@sha256:d92eaeed33fa75130ca1ee6c8a01d1ffb62bac859dfdfb3450e3e5d1c0146529" "/opt/rustwide/cargo-home/bin/cargo" "+72f88fc4e9458f89516a0b8b0868f3718aec5b47" "check" "--frozen" "--all" "--all-targets" "--message-format=json", kill_on_drop: false }`
[INFO] [stdout] c15506f5c9a4e6f162d1c1d637ff7b91077b488eff29279a6fbfefba24a1906b
[INFO] [stderr] WARNING: Your kernel does not support swap limit capabilities or the cgroup is not mounted. Memory limited without swap.
[INFO] running `Command { std: "docker" "start" "-a" "c15506f5c9a4e6f162d1c1d637ff7b91077b488eff29279a6fbfefba24a1906b", kill_on_drop: false }`
[INFO] [stderr]    Compiling libc v0.2.77
[INFO] [stderr]    Compiling autocfg v1.0.1
[INFO] [stderr]     Checking cfg-if v0.1.10
[INFO] [stderr]    Compiling autocfg v0.1.7
[INFO] [stderr]    Compiling rand_core v0.4.2
[INFO] [stderr]    Compiling proc-macro2 v1.0.21
[INFO] [stderr]    Compiling cc v1.0.59
[INFO] [stderr]    Compiling pkg-config v0.3.18
[INFO] [stderr]    Compiling syn v1.0.40
[INFO] [stderr]    Compiling byteorder v1.3.4
[INFO] [stderr]    Compiling siphasher v0.2.3
[INFO] [stderr]     Checking tinyvec v0.3.4
[INFO] [stderr]    Compiling serde v1.0.116
[INFO] [stderr]    Compiling getrandom v0.1.15
[INFO] [stderr]    Compiling typenum v1.12.0
[INFO] [stderr]    Compiling winapi-build v0.1.1
[INFO] [stderr]    Compiling ryu v1.0.5
[INFO] [stderr]    Compiling memchr v2.3.3
[INFO] [stderr]    Compiling httparse v1.3.4
[INFO] [stderr]     Checking lazy_static v1.4.0
[INFO] [stderr]    Compiling lexical-core v0.7.4
[INFO] [stderr]     Checking winapi v0.2.8
[INFO] [stderr]    Compiling proc-macro-hack v0.5.18
[INFO] [stderr]     Checking byte-tools v0.3.1
[INFO] [stderr]     Checking adler v0.2.3
[INFO] [stderr]    Compiling crc32fast v1.2.0
[INFO] [stderr]    Compiling const_fn v0.4.2
[INFO] [stderr]     Checking gimli v0.22.0
[INFO] [stderr]     Checking ppv-lite86 v0.2.9
[INFO] [stderr]    Compiling failure_derive v0.1.8
[INFO] [stderr]     Checking safemem v0.3.3
[INFO] [stderr]     Checking arrayvec v0.5.1
[INFO] [stderr]    Compiling serde_json v1.0.57
[INFO] [stderr]     Checking object v0.20.0
[INFO] [stderr]     Checking static_assertions v1.1.0
[INFO] [stderr]     Checking rustc-demangle v0.1.16
[INFO] [stderr]     Checking fake-simd v0.1.2
[INFO] [stderr]    Compiling nix v0.18.0
[INFO] [stderr]     Checking regex-syntax v0.6.18
[INFO] [stderr]    Compiling io-enum v0.2.3
[INFO] [stderr]     Checking itoa v0.4.6
[INFO] [stderr]     Checking opaque-debug v0.2.3
[INFO] [stderr]     Checking modifier v0.1.0
[INFO] [stderr]     Checking ahash v0.3.8
[INFO] [stderr]     Checking utf8-ranges v0.1.3
[INFO] [stderr]    Compiling mysql v19.0.1
[INFO] [stderr]     Checking sha1 v0.6.0
[INFO] [stderr]     Checking uuid v0.8.1
[INFO] [stderr]     Checking regex-syntax v0.3.9
[INFO] [stderr]     Checking route-recognizer v0.1.13
[INFO] [stderr]     Checking bufstream v0.1.4
[INFO] [stderr]     Checking rustc-serialize v0.3.24
[INFO] [stderr]    Compiling standback v0.2.10
[INFO] [stderr]    Compiling time v0.2.19
[INFO] [stderr]    Compiling rand_core v0.3.1
[INFO] [stderr]    Compiling rand_jitter v0.1.4
[INFO] [stderr]     Checking unsafe-any v0.4.2
[INFO] [stderr]     Checking unicode-normalization v0.1.13
[INFO] [stderr]    Compiling kernel32-sys v0.2.2
[INFO] [stderr]     Checking thread_local v1.0.1
[INFO] [stderr]     Checking block-padding v0.1.5
[INFO] [stderr]    Compiling num-traits v0.2.12
[INFO] [stderr]    Compiling num-integer v0.1.43
[INFO] [stderr]    Compiling miniz_oxide v0.4.2
[INFO] [stderr]    Compiling num-bigint v0.2.6
[INFO] [stderr]    Compiling hashbrown v0.8.2
[INFO] [stderr]    Compiling rand_pcg v0.1.2
[INFO] [stderr]    Compiling rand_chacha v0.1.1
[INFO] [stderr]    Compiling rand v0.6.5
[INFO] [stderr]     Checking log v0.4.11
[INFO] [stderr]    Compiling rand_xorshift v0.1.1
[INFO] [stderr]    Compiling rand_hc v0.1.0
[INFO] [stderr]    Compiling rand_isaac v0.1.1
[INFO] [stderr]     Checking typemap v0.3.3
[INFO] [stderr]    Compiling unicase v1.4.2
[INFO] [stderr]     Checking plugin v0.2.6
[INFO] [stderr]     Checking log v0.3.9
[INFO] [stderr]    Compiling openssl-sys v0.9.58
[INFO] [stderr]    Compiling libz-sys v1.1.2
[INFO] [stderr]     Checking idna v0.1.5
[INFO] [stderr]     Checking idna v0.2.0
[INFO] [stderr]     Checking base64 v0.9.3
[INFO] [stderr]     Checking aho-corasick v0.7.13
[INFO] [stderr]     Checking phf_shared v0.7.24
[INFO] [stderr]    Compiling quote v1.0.7
[INFO] [stderr]     Checking mime v0.2.6
[INFO] [stderr]     Checking url v1.7.2
[INFO] [stderr]     Checking url v2.1.1
[INFO] [stderr]     Checking generic-array v0.12.3
[INFO] [stderr]     Checking phf v0.7.24
[INFO] [stderr]     Checking lru v0.6.0
[INFO] [stderr]     Checking addr2line v0.13.0
[INFO] [stderr]    Compiling openssl v0.10.30
[INFO] [stderr]    Compiling native-tls v0.2.4
[INFO] [stderr]     Checking time v0.1.44
[INFO] [stderr]     Checking num_cpus v1.13.0
[INFO] [stderr]     Checking memchr v0.1.11
[INFO] [stderr]     Checking thread-id v2.0.0
[INFO] [stderr]     Checking flate2 v1.0.17
[INFO] [stderr]     Checking socket2 v0.3.15
[INFO] [stderr]    Compiling rand_os v0.1.3
[INFO] [stderr]     Checking digest v0.8.1
[INFO] [stderr]     Checking block-buffer v0.7.3
[INFO] [stderr]     Checking rand_core v0.5.1
[INFO] [stderr]     Checking aho-corasick v0.5.3
[INFO] [stderr]     Checking thread_local v0.2.7
[INFO] [stderr]     Checking backtrace v0.3.50
[INFO] [stderr]     Checking hyper v0.10.16
[INFO] [stderr]     Checking regex v1.3.9
[INFO] [stderr]     Checking sha2 v0.8.2
[INFO] [stderr]     Checking rand_chacha v0.2.2
[INFO] [stderr]     Checking regex v0.1.80
[INFO] [stderr]     Checking rand v0.7.3
[INFO] [stderr]     Checking lexical v5.2.0
[INFO] [stderr]     Checking twox-hash v1.5.0
[INFO] [stderr]    Compiling phf_generator v0.7.24
[INFO] [stderr]     Checking env_logger v0.3.5
[INFO] [stderr]    Compiling phf_codegen v0.7.24
[INFO] [stderr]    Compiling mime_guess v1.8.8
[INFO] [stderr]     Checking bigdecimal v0.1.2
[INFO] [stderr]     Checking rust_decimal v1.7.0
[INFO] [stderr]     Checking chrono v0.4.15
[INFO] [stderr]     Checking iron v0.6.1
[INFO] [stderr]     Checking logger v0.4.0 (https://github.com/iron/logger.git#4df63964)
[INFO] [stderr]     Checking router v0.6.0
[INFO] [stderr]    Compiling synstructure v0.12.4
[INFO] [stderr]    Compiling derive_utils v0.10.0
[INFO] [stderr]    Compiling time-macros-impl v0.1.1
[INFO] [stderr]     Checking failure v0.1.8
[INFO] [stderr]     Checking time-macros v0.1.0
[INFO] [stderr]     Checking mysql_common v0.22.2
[INFO] [stderr]     Checking recog-api v0.1.0 (/opt/rustwide/workdir)
[INFO] [stdout] error[E0603]: module `conn` is private
[INFO] [stdout]    --> src/middleware/mysqlpool.rs:7:12
[INFO] [stdout]     |
[INFO] [stdout] 7   | use mysql::conn::pool::Pool;
[INFO] [stdout]     |            ^^^^ private module
[INFO] [stdout]     |
[INFO] [stdout] note: the module `conn` is defined here
[INFO] [stdout]    --> /opt/rustwide/cargo-home/registry/src/github.com-1ecc6299db9ec823/mysql-19.0.1/src/lib.rs:777:1
[INFO] [stdout]     |
[INFO] [stdout] 777 | mod conn;
[INFO] [stdout]     | ^^^^^^^^^
[INFO] [stdout] 
[INFO] [stdout] 
[INFO] [stdout] error[E0603]: module `conn` is private
[INFO] [stdout]    --> src/middleware/mysqlpool.rs:7:12
[INFO] [stdout]     |
[INFO] [stdout] 7   | use mysql::conn::pool::Pool;
[INFO] [stdout]     |            ^^^^ private module
[INFO] [stdout]     |
[INFO] [stdout] note: the module `conn` is defined here
[INFO] [stdout]    --> /opt/rustwide/cargo-home/registry/src/github.com-1ecc6299db9ec823/mysql-19.0.1/src/lib.rs:777:1
[INFO] [stdout]     |
[INFO] [stdout] 777 | mod conn;
[INFO] [stdout]     | ^^^^^^^^^
[INFO] [stdout] 
[INFO] [stdout] 
[INFO] [stdout] error[E0599]: no method named `prep_exec` found for reference `&Pool` in the current scope
[INFO] [stdout]   --> src/user.rs:15:34
[INFO] [stdout]    |
[INFO] [stdout] 15 |         let lookup_result = pool.prep_exec(
[INFO] [stdout]    |                                  ^^^^^^^^^ method not found in `&Pool`
[INFO] [stdout] 
[INFO] [stdout] 
[INFO] [stdout] error[E0599]: no method named `prep_exec` found for reference `&Pool` in the current scope
[INFO] [stdout]   --> src/user.rs:15:34
[INFO] [stdout]    |
[INFO] [stdout] 15 |         let lookup_result = pool.prep_exec(
[INFO] [stdout]    |                                  ^^^^^^^^^ method not found in `&Pool`
[INFO] [stdout] 
[INFO] [stdout] 
[INFO] [stdout] error: aborting due to 2 previous errors
[INFO] [stdout] 
[INFO] [stdout] 
[INFO] [stdout] Some errors have detailed explanations: E0599, E0603.
[INFO] [stdout] 
[INFO] [stdout] For more information about an error, try `rustc --explain E0599`.
[INFO] [stdout] 
[INFO] [stdout] error: aborting due to 2 previous errors
[INFO] [stdout] 
[INFO] [stdout] 
[INFO] [stdout] Some errors have detailed explanations: E0599, E0603.
[INFO] [stdout] 
[INFO] [stdout] For more information about an error, try `rustc --explain E0599`.
[INFO] [stdout] 
[INFO] [stderr] error: could not compile `recog-api`.
[INFO] [stderr] 
[INFO] [stderr] To learn more, run the command again with --verbose.
[INFO] [stderr] warning: build failed, waiting for other jobs to finish...
[INFO] [stderr] error: build failed
[INFO] running `Command { std: "docker" "inspect" "c15506f5c9a4e6f162d1c1d637ff7b91077b488eff29279a6fbfefba24a1906b", kill_on_drop: false }`
[INFO] running `Command { std: "docker" "rm" "-f" "c15506f5c9a4e6f162d1c1d637ff7b91077b488eff29279a6fbfefba24a1906b", kill_on_drop: false }`
[INFO] [stdout] c15506f5c9a4e6f162d1c1d637ff7b91077b488eff29279a6fbfefba24a1906b
